{"id":48,"date":"2019-04-29T17:21:33","date_gmt":"2019-04-29T17:21:33","guid":{"rendered":"https:\/\/foto.anders-web.de\/?page_id=48"},"modified":"2025-08-11T07:43:45","modified_gmt":"2025-08-11T07:43:45","slug":"impressum","status":"publish","type":"page","link":"https:\/\/foto.anders-web.de\/?page_id=48","title":{"rendered":"Impressum"},"content":{"rendered":"\n<p>Thoralf Anders<br>Erich-Weinert-Stra\u00dfe 19, 07546 Gera<br>phone: +49 (0)365 &#8211; 77 388 692 | fax: +49 (0) 365 &#8211; 77 390 363<\/p>\n\n\n\n<p>Inhaltlich Verantwortlicher gem\u00e4\u00df \u00a7 10 Absatz 3 MDStV: Thoralf Anders<\/p>\n\n\n\n<p><strong>Haftungshinweis:<\/strong>&nbsp;Trotz sorgf\u00e4ltiger inhaltlicher Kontrolle \u00fcbernehmen wir keine Haftung f\u00fcr die Inhalte externer Links. F\u00fcr den Inhalt der verlinkten Seiten sind ausschlie\u00dflich deren Betreiber verantwortlich.<\/p>\n\n\n\n<figure class=\"wp-block-image\"><img loading=\"lazy\" decoding=\"async\" width=\"835\" height=\"411\" src=\"https:\/\/foto.anders-web.de\/wp-content\/uploads\/2020\/03\/03077461.png\" alt=\"\" class=\"wp-image-1323\" srcset=\"https:\/\/foto.anders-web.de\/wp-content\/uploads\/2020\/03\/03077461.png 835w, https:\/\/foto.anders-web.de\/wp-content\/uploads\/2020\/03\/03077461-300x148.png 300w, https:\/\/foto.anders-web.de\/wp-content\/uploads\/2020\/03\/03077461-768x378.png 768w, https:\/\/foto.anders-web.de\/wp-content\/uploads\/2020\/03\/03077461-210x103.png 210w\" sizes=\"(max-width: 835px) 100vw, 835px\" \/><\/figure>\n","protected":false},"excerpt":{"rendered":"<p>Thoralf AndersErich-Weinert-Stra\u00dfe 19, 07546 Geraphone: +49 (0)365 &#8211; 77 388 692 | fax: +49 (0) 365 &#8211; 77 390 363 Inhaltlich Verantwortlicher gem\u00e4\u00df \u00a7 10 Absatz 3 MDStV: Thoralf Anders Haftungshinweis:&nbsp;Trotz sorgf\u00e4ltiger inhaltlicher Kontrolle \u00fcbernehmen wir keine Haftung f\u00fcr die Inhalte externer Links. F\u00fcr den Inhalt der verlinkten Seiten sind ausschlie\u00dflich deren Betreiber verantwortlich.<\/p>\n","protected":false},"author":1,"featured_media":0,"parent":0,"menu_order":0,"comment_status":"closed","ping_status":"closed","template":"page-full-width.php","meta":{"footnotes":""},"_links":{"self":[{"href":"https:\/\/foto.anders-web.de\/index.php?rest_route=\/wp\/v2\/pages\/48"}],"collection":[{"href":"https:\/\/foto.anders-web.de\/index.php?rest_route=\/wp\/v2\/pages"}],"about":[{"href":"https:\/\/foto.anders-web.de\/index.php?rest_route=\/wp\/v2\/types\/page"}],"author":[{"embeddable":true,"href":"https:\/\/foto.anders-web.de\/index.php?rest_route=\/wp\/v2\/users\/1"}],"replies":[{"embeddable":true,"href":"https:\/\/foto.anders-web.de\/index.php?rest_route=%2Fwp%2Fv2%2Fcomments&post=48"}],"version-history":[{"count":11,"href":"https:\/\/foto.anders-web.de\/index.php?rest_route=\/wp\/v2\/pages\/48\/revisions"}],"predecessor-version":[{"id":3572,"href":"https:\/\/foto.anders-web.de\/index.php?rest_route=\/wp\/v2\/pages\/48\/revisions\/3572"}],"wp:attachment":[{"href":"https:\/\/foto.anders-web.de\/index.php?rest_route=%2Fwp%2Fv2%2Fmedia&parent=48"}],"curies":[{"name":"wp","href":"https:\/\/api.w.org\/{rel}","templated":true}]}}

<p>Thoralf Anders<br>Erich-Weinert-Straße 19, 07546 Gera<br>phone: +49 (0)365 &#8211; 77 388 692 | fax: +49 (0) 365 &#8211; 77 390 363</p>



<p>Inhaltlich Verantwortlicher gemäß § 10 Absatz 3 MDStV: Thoralf Anders</p>



<p><strong>Haftungshinweis:</strong>&nbsp;Trotz sorgfältiger inhaltlicher Kontrolle übernehmen wir keine Haftung für die Inhalte externer Links. Für den Inhalt der verlinkten Seiten sind ausschließlich deren Betreiber verantwortlich.</p>



<figure class="wp-block-image"><img loading="lazy" decoding="async" width="835" height="411" src="https://foto.anders-web.de/wp-content/uploads/2020/03/03077461.png" alt="" class="wp-image-1323" srcset="https://foto.anders-web.de/wp-content/uploads/2020/03/03077461.png 835w, https://foto.anders-web.de/wp-content/uploads/2020/03/03077461-300x148.png 300w, https://foto.anders-web.de/wp-content/uploads/2020/03/03077461-768x378.png 768w, https://foto.anders-web.de/wp-content/uploads/2020/03/03077461-210x103.png 210w" sizes="(max-width: 835px) 100vw, 835px" /></figure>

<p>Thoralf AndersErich-Weinert-Straße 19, 07546 Geraphone: +49 (0)365 &#8211; 77 388 692 | fax: +49 (0) 365 &#8211; 77 390 363 Inhaltlich Verantwortlicher gemäß § 10 Absatz 3 MDStV: Thoralf Anders Haftungshinweis:&nbsp;Trotz sorgfältiger inhaltlicher Kontrolle übernehmen wir keine Haftung für die Inhalte externer Links. Für den Inhalt der verlinkten Seiten sind ausschließlich deren Betreiber verantwortlich.</p>
