{"id":2346,"date":"2021-02-03T18:20:32","date_gmt":"2021-02-03T18:20:32","guid":{"rendered":"https:\/\/foto.anders-web.de\/?page_id=2346"},"modified":"2021-02-03T18:50:39","modified_gmt":"2021-02-03T18:50:39","slug":"tutorials","status":"publish","type":"page","link":"https:\/\/foto.anders-web.de\/?page_id=2346","title":{"rendered":"Tutorials"},"content":{"rendered":"\n<p>An dieser Stelle m\u00f6chte ich Euch ein wenig \u00fcber die &#8222;Geheimnisse&#8220; des Fotografierens, Techniken und Hintergr\u00fcnde zu verschiedenen Fotothemen erz\u00e4hlen. Die Sammlung von Tutorials wird in unregelm\u00e4\u00dfigen Abst\u00e4nden erweitert. Es lohnt sich also immer mal wieder vorbei zu schauen! \ud83d\ude09<br><\/p>\n\n\n\n<div class=\"wp-block-cover has-background-dim-70 has-black-background-color has-background-dim\" style=\"background-image:url(https:\/\/foto.anders-web.de\/wp-content\/uploads\/2021\/02\/20200604_132853-1-edited.jpg)\"><div class=\"wp-block-cover__inner-container is-layout-flow wp-block-cover-is-layout-flow\">\n<p class=\"has-large-font-size\"><strong><a href=\"https:\/\/foto.anders-web.de\/?page_id=2351\" data-type=\"URL\" data-id=\"https:\/\/foto.anders-web.de\/?page_id=2351\">Filmentwicklung Schwarz\/Wei\u00df<\/a><\/strong><\/p>\n<\/div><\/div>\n","protected":false},"excerpt":{"rendered":"<p>An dieser Stelle m\u00f6chte ich Euch ein wenig \u00fcber die &#8222;Geheimnisse&#8220; des Fotografierens, Techniken und Hintergr\u00fcnde zu verschiedenen Fotothemen erz\u00e4hlen. Die Sammlung von Tutorials wird in unregelm\u00e4\u00dfigen Abst\u00e4nden erweitert. Es lohnt sich also immer mal wieder vorbei zu schauen! \ud83d\ude09<\/p>\n","protected":false},"author":1,"featured_media":0,"parent":0,"menu_order":0,"comment_status":"closed","ping_status":"closed","template":"","meta":{"footnotes":""},"_links":{"self":[{"href":"https:\/\/foto.anders-web.de\/index.php?rest_route=\/wp\/v2\/pages\/2346"}],"collection":[{"href":"https:\/\/foto.anders-web.de\/index.php?rest_route=\/wp\/v2\/pages"}],"about":[{"href":"https:\/\/foto.anders-web.de\/index.php?rest_route=\/wp\/v2\/types\/page"}],"author":[{"embeddable":true,"href":"https:\/\/foto.anders-web.de\/index.php?rest_route=\/wp\/v2\/users\/1"}],"replies":[{"embeddable":true,"href":"https:\/\/foto.anders-web.de\/index.php?rest_route=%2Fwp%2Fv2%2Fcomments&post=2346"}],"version-history":[{"count":9,"href":"https:\/\/foto.anders-web.de\/index.php?rest_route=\/wp\/v2\/pages\/2346\/revisions"}],"predecessor-version":[{"id":2392,"href":"https:\/\/foto.anders-web.de\/index.php?rest_route=\/wp\/v2\/pages\/2346\/revisions\/2392"}],"wp:attachment":[{"href":"https:\/\/foto.anders-web.de\/index.php?rest_route=%2Fwp%2Fv2%2Fmedia&parent=2346"}],"curies":[{"name":"wp","href":"https:\/\/api.w.org\/{rel}","templated":true}]}}

<p>An dieser Stelle möchte ich Euch ein wenig über die &#8222;Geheimnisse&#8220; des Fotografierens, Techniken und Hintergründe zu verschiedenen Fotothemen erzählen. Die Sammlung von Tutorials wird in unregelmäßigen Abständen erweitert. Es lohnt sich also immer mal wieder vorbei zu schauen! 😉<br></p>



<div class="wp-block-cover has-background-dim-70 has-black-background-color has-background-dim" style="background-image:url(https://foto.anders-web.de/wp-content/uploads/2021/02/20200604_132853-1-edited.jpg)"><div class="wp-block-cover__inner-container is-layout-flow wp-block-cover-is-layout-flow">
<p class="has-large-font-size"><strong><a href="https://foto.anders-web.de/?page_id=2351" data-type="URL" data-id="https://foto.anders-web.de/?page_id=2351">Filmentwicklung Schwarz/Weiß</a></strong></p>
</div></div>

<p>An dieser Stelle möchte ich Euch ein wenig über die &#8222;Geheimnisse&#8220; des Fotografierens, Techniken und Hintergründe zu verschiedenen Fotothemen erzählen. Die Sammlung von Tutorials wird in unregelmäßigen Abständen erweitert. Es lohnt sich also immer mal wieder vorbei zu schauen! 😉</p>
